{"id":76,"date":"2021-10-02T22:37:52","date_gmt":"2021-10-02T20:37:52","guid":{"rendered":"https:\/\/www.deigers.be\/?page_id=76"},"modified":"2023-02-03T14:20:16","modified_gmt":"2023-02-03T13:20:16","slug":"gianfrate-2","status":"publish","type":"page","link":"https:\/\/www.deigers.be\/index.php\/gianfrate-2\/","title":{"rendered":"En savoir plus"},"content":{"rendered":"\t\t<div data-elementor-type=\"wp-page\" data-elementor-id=\"76\" class=\"elementor elementor-76\">\n\t\t\t\t\t\t\t\t\t<section class=\"elementor-section elementor-top-section elementor-element elementor-element-e197d96 elementor-section-boxed elementor-section-height-default elementor-section-height-default\" data-id=\"e197d96\" data-element_type=\"section\">\n\t\t\t\t\t\t<div class=\"elementor-container elementor-column-gap-default\">\n\t\t\t\t\t<div class=\"elementor-column elementor-col-100 elementor-top-column elementor-element elementor-element-fbab10a\" data-id=\"fbab10a\" data-element_type=\"column\">\n\t\t\t<div class=\"elementor-widget-wrap elementor-element-populated\">\n\t\t\t\t\t\t\t\t<div class=\"elementor-element elementor-element-491abe8 elementor-widget elementor-widget-text-editor\" data-id=\"491abe8\" data-element_type=\"widget\" data-widget_type=\"text-editor.default\">\n\t\t\t\t<div class=\"elementor-widget-container\">\n\t\t\t<style>\/*! elementor - v3.11.1 - 15-02-2023 *\/\n.elementor-widget-text-editor.elementor-drop-cap-view-stacked .elementor-drop-cap{background-color:#818a91;color:#fff}.elementor-widget-text-editor.elementor-drop-cap-view-framed .elementor-drop-cap{color:#818a91;border:3px solid;background-color:transparent}.elementor-widget-text-editor:not(.elementor-drop-cap-view-default) .elementor-drop-cap{margin-top:8px}.elementor-widget-text-editor:not(.elementor-drop-cap-view-default) .elementor-drop-cap-letter{width:1em;height:1em}.elementor-widget-text-editor .elementor-drop-cap{float:left;text-align:center;line-height:1;font-size:50px}.elementor-widget-text-editor .elementor-drop-cap-letter{display:inline-block}<\/style>\t\t\t\t\t\t\t\t\t\t<\/div>\n\t\t\t\t<\/div>\n\t\t\t\t\t<\/div>\n\t\t<\/div>\n\t\t\t\t\t\t\t<\/div>\n\t\t<\/section>\n\t\t\t\t<section class=\"elementor-section elementor-top-section elementor-element elementor-element-d5ce4ad elementor-section-boxed elementor-section-height-default elementor-section-height-default\" data-id=\"d5ce4ad\" data-element_type=\"section\">\n\t\t\t\t\t\t<div class=\"elementor-container elementor-column-gap-default\">\n\t\t\t\t\t<div class=\"elementor-column elementor-col-100 elementor-top-column elementor-element elementor-element-6156213\" data-id=\"6156213\" data-element_type=\"column\">\n\t\t\t<div class=\"elementor-widget-wrap elementor-element-populated\">\n\t\t\t\t\t\t\t\t<div class=\"elementor-element elementor-element-022f94c elementor-widget elementor-widget-text-editor\" data-id=\"022f94c\" data-element_type=\"widget\" data-widget_type=\"text-editor.default\">\n\t\t\t\t<div class=\"elementor-widget-container\">\n\t\t\t\t\t\t\t<h3>Exp\u00e9riences<\/h3>\n<ul>\n \t<li><strong><span style=\"color: #2983ee;\">5<\/span><\/strong><b><span style=\"color: #2983ee;\"><strong> a<\/strong>ns :<\/span><\/b> En agence de communication \u00e0 Bruxelles,<\/li>\n \t<li><b><span style=\"color: #2983ee;\">4 ans :<\/span><\/b> Enseignant en Arts graphiques et Publicit\u00e9 \u00e0 Bruxelles,<\/li>\n \t<li><b><span style=\"color: #2983ee;\">13 ans :<\/span><\/b>\u00a0Studio manager en agence de communication \u00e0 Luxembourg,<\/li>\n \t<li><strong><span style=\"color: #2983ee;\">2 ans :<\/span><\/strong> Directeur de communication chez Robin du Lac d\u00e9coration \u00e0 Luxembourg<\/li>\n \t<li><b><span style=\"color: #2983ee;\">2008\/2020 :<\/span><\/b> Directeur Artistique \u00e0 N\u00eemes,<\/li>\n \t<li><b><span style=\"color: #2983ee;\">Depuis 2020 :<\/span><\/b> Adjoint \u00e0 la communication \u00e0 la mairie de Pouzilhac,<\/li>\n \t<li><b><span style=\"color: #2983ee;\">Mai 2022\/\u2026 :<\/span><\/b> Graphiste Expert chez Glanum Avignon\u2026<\/li>\n<\/ul>\t\t\t\t\t\t<\/div>\n\t\t\t\t<\/div>\n\t\t\t\t\t<\/div>\n\t\t<\/div>\n\t\t\t\t\t\t\t<\/div>\n\t\t<\/section>\n\t\t\t\t<section class=\"elementor-section elementor-top-section elementor-element elementor-element-4a90c69 elementor-section-boxed elementor-section-height-default elementor-section-height-default\" data-id=\"4a90c69\" data-element_type=\"section\">\n\t\t\t\t\t\t<div class=\"elementor-container elementor-column-gap-default\">\n\t\t\t\t\t<div class=\"elementor-column elementor-col-100 elementor-top-column elementor-element elementor-element-765bb3b\" data-id=\"765bb3b\" data-element_type=\"column\">\n\t\t\t<div class=\"elementor-widget-wrap elementor-element-populated\">\n\t\t\t\t\t\t\t\t<div class=\"elementor-element elementor-element-e48d350 elementor-widget-divider--view-line elementor-widget elementor-widget-divider\" data-id=\"e48d350\" data-element_type=\"widget\" data-widget_type=\"divider.default\">\n\t\t\t\t<div class=\"elementor-widget-container\">\n\t\t\t<style>\/*! elementor - v3.11.1 - 15-02-2023 *\/\n.elementor-widget-divider{--divider-border-style:none;--divider-border-width:1px;--divider-color:#2c2c2c;--divider-icon-size:20px;--divider-element-spacing:10px;--divider-pattern-height:24px;--divider-pattern-size:20px;--divider-pattern-url:none;--divider-pattern-repeat:repeat-x}.elementor-widget-divider .elementor-divider{display:flex}.elementor-widget-divider .elementor-divider__text{font-size:15px;line-height:1;max-width:95%}.elementor-widget-divider .elementor-divider__element{margin:0 var(--divider-element-spacing);flex-shrink:0}.elementor-widget-divider .elementor-icon{font-size:var(--divider-icon-size)}.elementor-widget-divider .elementor-divider-separator{display:flex;margin:0;direction:ltr}.elementor-widget-divider--view-line_icon .elementor-divider-separator,.elementor-widget-divider--view-line_text .elementor-divider-separator{align-items:center}.elementor-widget-divider--view-line_icon .elementor-divider-separator:after,.elementor-widget-divider--view-line_icon .elementor-divider-separator:before,.elementor-widget-divider--view-line_text .elementor-divider-separator:after,.elementor-widget-divider--view-line_text .elementor-divider-separator:before{display:block;content:\"\";border-bottom:0;flex-grow:1;border-top:var(--divider-border-width) var(--divider-border-style) var(--divider-color)}.elementor-widget-divider--element-align-left .elementor-divider .elementor-divider-separator>.elementor-divider__svg:first-of-type{flex-grow:0;flex-shrink:100}.elementor-widget-divider--element-align-left .elementor-divider-separator:before{content:none}.elementor-widget-divider--element-align-left .elementor-divider__element{margin-left:0}.elementor-widget-divider--element-align-right .elementor-divider .elementor-divider-separator>.elementor-divider__svg:last-of-type{flex-grow:0;flex-shrink:100}.elementor-widget-divider--element-align-right .elementor-divider-separator:after{content:none}.elementor-widget-divider--element-align-right .elementor-divider__element{margin-right:0}.elementor-widget-divider:not(.elementor-widget-divider--view-line_text):not(.elementor-widget-divider--view-line_icon) .elementor-divider-separator{border-top:var(--divider-border-width) var(--divider-border-style) var(--divider-color)}.elementor-widget-divider--separator-type-pattern{--divider-border-style:none}.elementor-widget-divider--separator-type-pattern.elementor-widget-divider--view-line .elementor-divider-separator,.elementor-widget-divider--separator-type-pattern:not(.elementor-widget-divider--view-line) .elementor-divider-separator:after,.elementor-widget-divider--separator-type-pattern:not(.elementor-widget-divider--view-line) .elementor-divider-separator:before,.elementor-widget-divider--separator-type-pattern:not([class*=elementor-widget-divider--view]) .elementor-divider-separator{width:100%;min-height:var(--divider-pattern-height);-webkit-mask-size:var(--divider-pattern-size) 100%;mask-size:var(--divider-pattern-size) 100%;-webkit-mask-repeat:var(--divider-pattern-repeat);mask-repeat:var(--divider-pattern-repeat);background-color:var(--divider-color);-webkit-mask-image:var(--divider-pattern-url);mask-image:var(--divider-pattern-url)}.elementor-widget-divider--no-spacing{--divider-pattern-size:auto}.elementor-widget-divider--bg-round{--divider-pattern-repeat:round}.rtl .elementor-widget-divider .elementor-divider__text{direction:rtl}.e-con-inner>.elementor-widget-divider,.e-con>.elementor-widget-divider{width:var(--container-widget-width,100%);--flex-grow:var(--container-widget-flex-grow)}<\/style>\t\t<div class=\"elementor-divider\">\n\t\t\t<span class=\"elementor-divider-separator\">\n\t\t\t\t\t\t<\/span>\n\t\t<\/div>\n\t\t\t\t<\/div>\n\t\t\t\t<\/div>\n\t\t\t\t\t<\/div>\n\t\t<\/div>\n\t\t\t\t\t\t\t<\/div>\n\t\t<\/section>\n\t\t\t\t<section class=\"elementor-section elementor-top-section elementor-element elementor-element-9230702 elementor-section-boxed elementor-section-height-default elementor-section-height-default\" data-id=\"9230702\" data-element_type=\"section\">\n\t\t\t\t\t\t<div class=\"elementor-container elementor-column-gap-default\">\n\t\t\t\t\t<div class=\"elementor-column elementor-col-100 elementor-top-column elementor-element elementor-element-5971c5e\" data-id=\"5971c5e\" data-element_type=\"column\">\n\t\t\t<div class=\"elementor-widget-wrap elementor-element-populated\">\n\t\t\t\t\t\t\t\t<div class=\"elementor-element elementor-element-9aee7ef elementor-widget elementor-widget-text-editor\" data-id=\"9aee7ef\" data-element_type=\"widget\" data-widget_type=\"text-editor.default\">\n\t\t\t\t<div class=\"elementor-widget-container\">\n\t\t\t\t\t\t\t<h3>Comp\u00e9tences<\/h3><ul><li>Ma\u00eetrise parfaite d\u2019Adobe Creative Suite<\/li><li>Ma\u00eetrise de WordPress<\/li><li>Support Apple<\/li><\/ul>\t\t\t\t\t\t<\/div>\n\t\t\t\t<\/div>\n\t\t\t\t\t<\/div>\n\t\t<\/div>\n\t\t\t\t\t\t\t<\/div>\n\t\t<\/section>\n\t\t\t\t<section class=\"elementor-section elementor-top-section elementor-element elementor-element-15eb029 elementor-section-boxed elementor-section-height-default elementor-section-height-default\" data-id=\"15eb029\" data-element_type=\"section\">\n\t\t\t\t\t\t<div class=\"elementor-container elementor-column-gap-default\">\n\t\t\t\t\t<div class=\"elementor-column elementor-col-100 elementor-top-column elementor-element elementor-element-30b3ac0\" data-id=\"30b3ac0\" data-element_type=\"column\">\n\t\t\t<div class=\"elementor-widget-wrap elementor-element-populated\">\n\t\t\t\t\t\t\t\t<div class=\"elementor-element elementor-element-ddbcb51 elementor-widget-divider--view-line elementor-widget elementor-widget-divider\" data-id=\"ddbcb51\" data-element_type=\"widget\" data-widget_type=\"divider.default\">\n\t\t\t\t<div class=\"elementor-widget-container\">\n\t\t\t\t\t<div class=\"elementor-divider\">\n\t\t\t<span class=\"elementor-divider-separator\">\n\t\t\t\t\t\t<\/span>\n\t\t<\/div>\n\t\t\t\t<\/div>\n\t\t\t\t<\/div>\n\t\t\t\t\t<\/div>\n\t\t<\/div>\n\t\t\t\t\t\t\t<\/div>\n\t\t<\/section>\n\t\t\t\t<section class=\"elementor-section elementor-top-section elementor-element elementor-element-01ca2b2 elementor-section-boxed elementor-section-height-default elementor-section-height-default\" data-id=\"01ca2b2\" data-element_type=\"section\">\n\t\t\t\t\t\t<div class=\"elementor-container elementor-column-gap-default\">\n\t\t\t\t\t<div class=\"elementor-column elementor-col-100 elementor-top-column elementor-element elementor-element-912f7ba\" data-id=\"912f7ba\" data-element_type=\"column\">\n\t\t\t<div class=\"elementor-widget-wrap elementor-element-populated\">\n\t\t\t\t\t\t\t\t<div class=\"elementor-element elementor-element-1fb2740 elementor-widget elementor-widget-text-editor\" data-id=\"1fb2740\" data-element_type=\"widget\" data-widget_type=\"text-editor.default\">\n\t\t\t\t<div class=\"elementor-widget-container\">\n\t\t\t\t\t\t\t<h3>Passions<\/h3>\n<ul>\n \t<li><strong><span style=\"color: #2983ee;\">#montravail<\/span><\/strong><\/li>\n \t<li><strong><span style=\"color: #2983ee;\">#ledesign<\/span><\/strong><\/li>\n \t<li><strong><span style=\"color: #2983ee;\">#levintage<\/span><\/strong><\/li>\n \t<li><strong><span style=\"color: #2983ee;\">#automobile<\/span><\/strong><\/li>\n \t<li><strong><span style=\"color: #2983ee;\">#lamode<\/span><\/strong><\/li>\n \t<li><strong><span style=\"color: #2983ee;\">#lamoto<\/span><\/strong><\/li>\n<\/ul>\t\t\t\t\t\t<\/div>\n\t\t\t\t<\/div>\n\t\t\t\t\t<\/div>\n\t\t<\/div>\n\t\t\t\t\t\t\t<\/div>\n\t\t<\/section>\n\t\t\t\t\t\t\t<\/div>\n\t\t","protected":false},"excerpt":{"rendered":"<p>Exp\u00e9riences 5 ans : En agence de communication \u00e0 Bruxelles, 4 ans : Enseignant en Arts graphiques et Publicit\u00e9 \u00e0 Bruxelles, 13 ans :\u00a0Studio manager en agence de communication \u00e0 Luxembourg, 2 ans : Directeur de communication chez Robin du &hellip; <a href=\"https:\/\/www.deigers.be\/index.php\/gianfrate-2\/\">Lire la suite\u00ad\u00ad<\/a><\/p>\n","protected":false},"author":1,"featured_media":0,"parent":0,"menu_order":0,"comment_status":"closed","ping_status":"closed","template":"","meta":{"kt_blocks_editor_width":""},"yoast_head":"<!-- This site is optimized with the Yoast SEO plugin v20.1 - https:\/\/yoast.com\/wordpress\/plugins\/seo\/ -->\n<title>En savoir plus - JEAN-PHILIPPE DEIGERS<\/title>\n<meta name=\"robots\" content=\"index, follow, max-snippet:-1, max-image-preview:large, max-video-preview:-1\" \/>\n<link rel=\"canonical\" href=\"https:\/\/www.deigers.be\/index.php\/gianfrate-2\/\" \/>\n<meta property=\"og:locale\" content=\"fr_FR\" \/>\n<meta property=\"og:type\" content=\"article\" \/>\n<meta property=\"og:title\" content=\"En savoir plus - JEAN-PHILIPPE DEIGERS\" \/>\n<meta property=\"og:description\" content=\"Exp\u00e9riences 5 ans : En agence de communication \u00e0 Bruxelles, 4 ans : Enseignant en Arts graphiques et Publicit\u00e9 \u00e0 Bruxelles, 13 ans :\u00a0Studio manager en agence de communication \u00e0 Luxembourg, 2 ans : Directeur de communication chez Robin du &hellip; Lire la suite\u00ad\u00ad\" \/>\n<meta property=\"og:url\" content=\"https:\/\/www.deigers.be\/index.php\/gianfrate-2\/\" \/>\n<meta property=\"og:site_name\" content=\"JEAN-PHILIPPE DEIGERS\" \/>\n<meta property=\"article:modified_time\" content=\"2023-02-03T13:20:16+00:00\" \/>\n<meta name=\"twitter:card\" content=\"summary_large_image\" \/>\n<meta name=\"twitter:label1\" content=\"Dur\u00e9e de lecture estim\u00e9e\" \/>\n\t<meta name=\"twitter:data1\" content=\"1 minute\" \/>\n<script type=\"application\/ld+json\" class=\"yoast-schema-graph\">{\"@context\":\"https:\/\/schema.org\",\"@graph\":[{\"@type\":\"WebPage\",\"@id\":\"https:\/\/www.deigers.be\/index.php\/gianfrate-2\/\",\"url\":\"https:\/\/www.deigers.be\/index.php\/gianfrate-2\/\",\"name\":\"En savoir plus - JEAN-PHILIPPE DEIGERS\",\"isPartOf\":{\"@id\":\"https:\/\/www.deigers.be\/#website\"},\"datePublished\":\"2021-10-02T20:37:52+00:00\",\"dateModified\":\"2023-02-03T13:20:16+00:00\",\"breadcrumb\":{\"@id\":\"https:\/\/www.deigers.be\/index.php\/gianfrate-2\/#breadcrumb\"},\"inLanguage\":\"fr-FR\",\"potentialAction\":[{\"@type\":\"ReadAction\",\"target\":[\"https:\/\/www.deigers.be\/index.php\/gianfrate-2\/\"]}]},{\"@type\":\"BreadcrumbList\",\"@id\":\"https:\/\/www.deigers.be\/index.php\/gianfrate-2\/#breadcrumb\",\"itemListElement\":[{\"@type\":\"ListItem\",\"position\":1,\"name\":\"Accueil\",\"item\":\"https:\/\/www.deigers.be\/\"},{\"@type\":\"ListItem\",\"position\":2,\"name\":\"En savoir plus\"}]},{\"@type\":\"WebSite\",\"@id\":\"https:\/\/www.deigers.be\/#website\",\"url\":\"https:\/\/www.deigers.be\/\",\"name\":\"JEAN-PHILIPPE DEIGERS\",\"description\":\"\",\"potentialAction\":[{\"@type\":\"SearchAction\",\"target\":{\"@type\":\"EntryPoint\",\"urlTemplate\":\"https:\/\/www.deigers.be\/?s={search_term_string}\"},\"query-input\":\"required name=search_term_string\"}],\"inLanguage\":\"fr-FR\"}]}<\/script>\n<!-- \/ Yoast SEO plugin. -->","yoast_head_json":{"title":"En savoir plus - JEAN-PHILIPPE DEIGERS","robots":{"index":"index","follow":"follow","max-snippet":"max-snippet:-1","max-image-preview":"max-image-preview:large","max-video-preview":"max-video-preview:-1"},"canonical":"https:\/\/www.deigers.be\/index.php\/gianfrate-2\/","og_locale":"fr_FR","og_type":"article","og_title":"En savoir plus - JEAN-PHILIPPE DEIGERS","og_description":"Exp\u00e9riences 5 ans : En agence de communication \u00e0 Bruxelles, 4 ans : Enseignant en Arts graphiques et Publicit\u00e9 \u00e0 Bruxelles, 13 ans :\u00a0Studio manager en agence de communication \u00e0 Luxembourg, 2 ans : Directeur de communication chez Robin du &hellip; Lire la suite\u00ad\u00ad","og_url":"https:\/\/www.deigers.be\/index.php\/gianfrate-2\/","og_site_name":"JEAN-PHILIPPE DEIGERS","article_modified_time":"2023-02-03T13:20:16+00:00","twitter_card":"summary_large_image","twitter_misc":{"Dur\u00e9e de lecture estim\u00e9e":"1 minute"},"schema":{"@context":"https:\/\/schema.org","@graph":[{"@type":"WebPage","@id":"https:\/\/www.deigers.be\/index.php\/gianfrate-2\/","url":"https:\/\/www.deigers.be\/index.php\/gianfrate-2\/","name":"En savoir plus - JEAN-PHILIPPE DEIGERS","isPartOf":{"@id":"https:\/\/www.deigers.be\/#website"},"datePublished":"2021-10-02T20:37:52+00:00","dateModified":"2023-02-03T13:20:16+00:00","breadcrumb":{"@id":"https:\/\/www.deigers.be\/index.php\/gianfrate-2\/#breadcrumb"},"inLanguage":"fr-FR","potentialAction":[{"@type":"ReadAction","target":["https:\/\/www.deigers.be\/index.php\/gianfrate-2\/"]}]},{"@type":"BreadcrumbList","@id":"https:\/\/www.deigers.be\/index.php\/gianfrate-2\/#breadcrumb","itemListElement":[{"@type":"ListItem","position":1,"name":"Accueil","item":"https:\/\/www.deigers.be\/"},{"@type":"ListItem","position":2,"name":"En savoir plus"}]},{"@type":"WebSite","@id":"https:\/\/www.deigers.be\/#website","url":"https:\/\/www.deigers.be\/","name":"JEAN-PHILIPPE DEIGERS","description":"","potentialAction":[{"@type":"SearchAction","target":{"@type":"EntryPoint","urlTemplate":"https:\/\/www.deigers.be\/?s={search_term_string}"},"query-input":"required name=search_term_string"}],"inLanguage":"fr-FR"}]}},"_links":{"self":[{"href":"https:\/\/www.deigers.be\/index.php\/wp-json\/wp\/v2\/pages\/76"}],"collection":[{"href":"https:\/\/www.deigers.be\/index.php\/wp-json\/wp\/v2\/pages"}],"about":[{"href":"https:\/\/www.deigers.be\/index.php\/wp-json\/wp\/v2\/types\/page"}],"author":[{"embeddable":true,"href":"https:\/\/www.deigers.be\/index.php\/wp-json\/wp\/v2\/users\/1"}],"replies":[{"embeddable":true,"href":"https:\/\/www.deigers.be\/index.php\/wp-json\/wp\/v2\/comments?post=76"}],"version-history":[{"count":114,"href":"https:\/\/www.deigers.be\/index.php\/wp-json\/wp\/v2\/pages\/76\/revisions"}],"predecessor-version":[{"id":1310,"href":"https:\/\/www.deigers.be\/index.php\/wp-json\/wp\/v2\/pages\/76\/revisions\/1310"}],"wp:attachment":[{"href":"https:\/\/www.deigers.be\/index.php\/wp-json\/wp\/v2\/media?parent=76"}],"curies":[{"name":"wp","href":"https:\/\/api.w.org\/{rel}","templated":true}]}}